{"id":82,"date":"2013-12-03T10:05:35","date_gmt":"2013-12-03T10:05:35","guid":{"rendered":"http:\/\/nordringschule.de\/?page_id=82"},"modified":"2025-08-27T18:10:59","modified_gmt":"2025-08-27T16:10:59","slug":"ganztagsangebot","status":"publish","type":"page","link":"https:\/\/nordringschule.de\/?page_id=82","title":{"rendered":"Ganztagsangebot an der Nordringschule"},"content":{"rendered":"\n<p>Unsere Schule ist eine Ganztagsschule in Angebotsform. Besonders in der Unter- und Mittelstufe wird dieses Angebot sehr gern von den Sch\u00fcler*innen angenommen.<\/p>\n\n\n\n<p>Von Montag bis Donnerstag findet nach dem regul\u00e4ren Unterricht am Vormittag bis 15.45 Uhr das Ganztagsangebot inklusive der M\u00f6glichkeit, an einem vollwertigen Mittagessen teilzunehmen, statt. Dies teilt sich zeitlich folgenderma\u00dfen auf:<\/p>\n\n\n\n<figure class=\"wp-block-table\"><table><tbody><tr><td>Zeit<\/td><td>Unterstufe<\/td><td>Mittel-\/ Oberstufe<\/td><\/tr><tr><td>12.10-12.55 Uhr<\/td><td>Mittagessen\/ Freizeitangebote<\/td><td>Unterricht<\/td><\/tr><tr><td>12.55-13.30 Uhr<\/td><td>Lernzeit<\/td><td>Mittagessen\/ Freizeitangebote<\/td><\/tr><tr><td>13.30-14.15 Uhr<\/td><td>Individuelle Freizeit<\/td><td>Lernzeit<\/td><\/tr><tr><td>14.15-15.45 Uhr<\/td><td>AG<\/td><td>AG<\/td><\/tr><\/tbody><\/table><\/figure>\n\n\n\n<p>Im Anschluss an das Mittagessen finden in dieser Zeit auf dem Schulhof projektorientierte Freizeitangebote statt (Fu\u00dfball, Basketball, Koordinationsspiele, Mobilit\u00e4tstraining mit Fahrger\u00e4ten etc.).<\/p>\n\n\n\n<p>In den sogenannten Lernzeiten finden individuelle F\u00f6rderangebote in den Klassenr\u00e4umen statt. Diese stehen in Verbindung mit dem Unterricht am Vormittag. Au\u00dferschulische Kr\u00e4fte bieten praxisorientierte Angebote f\u00fcr einzelne Klassen an (Spiele zum sozialen Lernen, kreative Angebote,\u2026)<\/p>\n\n\n\n<p><strong>Unsere AG-Angebote im 1. Halbjahr:<\/strong><\/p>\n\n\n\n<p><strong>Unterstufe<\/strong><\/p>\n\n\n\n<figure class=\"wp-block-table\"><table><tbody><tr><td><strong>Mo<\/strong><\/td><td><strong>Di<\/strong><\/td><td><strong>Mi<\/strong><\/td><td><strong>Do<\/strong><\/td><\/tr><tr><td>Sport f\u00fcr alle Unterstufenklassen<\/td><td>Entspannung, Projekte, <br>H\u00f6rspiele, Backen<\/td><td>s.u.<\/td><td>Spiele, Bauen,<br>Schwimmen<\/td><\/tr><\/tbody><\/table><\/figure>\n\n\n\n<p><strong>Mittel-\/ Oberstufe<\/strong><\/p>\n\n\n\n<figure class=\"wp-block-table\"><table><tbody><tr><td><strong>Mo<\/strong><\/td><td><strong>Di<\/strong><\/td><td> <strong>Mi<\/strong><\/td><td><strong>Do<\/strong><\/td><\/tr><tr><td>Harry Potter, Brennbilder,<br>Beauty, Monster, Entspannung,<br>Zeichnen<\/td><td>Kreativk\u00f6pfe, Natur, Fu\u00dfball, Kochen, Schulgarten<\/td><td>s.u.<\/td><td>Emotionswerkstatt, Gr\u00fcnfl\u00e4che, R\u00e4tsel, Sch\u00fclerzeitung, Outdoor, Manga,<br>Schwimmen, Musik,Gesunde Ern\u00e4hrung, Basteln<\/td><\/tr><\/tbody><\/table><\/figure>\n\n\n\n<p><strong>Oberstufe<\/strong><\/p>\n\n\n\n<figure class=\"wp-block-table\"><table><tbody><tr><td><strong>Mo<\/strong><\/td><td><strong>Di<\/strong><\/td><td><strong>Mi<\/strong><\/td><td><strong>Do<\/strong><\/td><\/tr><tr><td>s.o.<\/td><td>s.o.<\/td><td>Kochen Holzwerkstatt<\/td><td>&nbsp;<\/td><\/tr><\/tbody><\/table><\/figure>\n\n\n\n<p><strong>Unsere AG-Angebote im 2. Halbjahr:<\/strong><\/p>\n\n\n\n<p>Unterstufe<\/p>\n\n\n\n<figure class=\"wp-block-table\"><table><tbody><tr><td><strong>Mo<\/strong><\/td><td><strong>Di<\/strong><\/td><td><strong>Mi<\/strong><\/td><td><strong>Do<\/strong><\/td><\/tr><tr><td>Sport f\u00fcr alle Unterstufenklassen<\/td><td>Entspannung Reiten M\u00e4rchen Backen<\/td><td>s.u.<\/td><td>Spiele Bauen Schwimmen<\/td><\/tr><\/tbody><\/table><\/figure>\n\n\n\n<p>Mittel-\/ Oberstufe<\/p>\n\n\n\n<figure class=\"wp-block-table\"><table><tbody><tr><td><strong>Mo<\/strong><\/td><td><strong>Di<\/strong><\/td><td><strong>Mi<\/strong><\/td><td><strong>Do<\/strong><\/td><\/tr><tr><td>Theater Backen Basketball Holzwerkstatt Werwolf &amp; Co. Kreativwerkstatt<\/td><td>Sch\u00fclerband Fu\u00dfball Kampfsport Natur (Kooperation mit der Kinder- und Jugendfarm LD) Kochen Beauty<\/td><td>s.u.<\/td><td>Outdoor Zirkus Yoga Musik<\/td><\/tr><\/tbody><\/table><\/figure>\n\n\n\n<p>Oberstufe<\/p>\n\n\n\n<figure class=\"wp-block-table\"><table><tbody><tr><td><strong>Mo<\/strong><\/td><td><strong>Di<\/strong><\/td><td><strong>Mi<\/strong><\/td><td><strong>Do<\/strong><\/td><\/tr><tr><td>s.o.<\/td><td>s.o.<\/td><td>Kochen Gr\u00fcnfl\u00e4chengestaltung<\/td><td>&nbsp;<\/td><\/tr><\/tbody><\/table><\/figure>\n\n\n\n<p>Mittwochs gibt es f\u00fcr die Klassen 1-6 einen Nachmittag mit den Klassenlehrer*innen und allen Sch\u00fcler*innen der Klasse. Hier wird gemeinsame Zeit au\u00dferhalb des Vormittagsunterrichts verbracht. Es wird drau\u00dfen und drinnen gewerkelt, gespielt, gebastelt, es werden Geburtstage gefeiert und Ausfl\u00fcge unternommen. In dieser Zeit entwickeln sich Klassengemeinschaften und Gemeinschaftssinn noch einmal anders.<\/p>\n","protected":false},"excerpt":{"rendered":"<p>Unsere Schule ist eine Ganztagsschule in Angebotsform. Besonders in der Unter- und Mittelstufe wird dieses Angebot sehr gern von den Sch\u00fcler*innen angenommen. Von Montag bis Donnerstag findet nach dem regul\u00e4ren Unterricht am Vormittag bis 15.45 Uhr das Ganztagsangebot inklusive der &hellip; <a href=\"https:\/\/nordringschule.de\/?page_id=82\">Weiterlesen <span class=\"meta-nav\">&rarr;<\/span><\/a><\/p>\n","protected":false},"author":1,"featured_media":0,"parent":7,"menu_order":4,"comment_status":"closed","ping_status":"closed","template":"","meta":{"ngg_post_thumbnail":0,"footnotes":""},"class_list":["post-82","page","type-page","status-publish","hentry"],"_links":{"self":[{"href":"https:\/\/nordringschule.de\/index.php?rest_route=\/wp\/v2\/pages\/82","targetHints":{"allow":["GET"]}}],"collection":[{"href":"https:\/\/nordringschule.de\/index.php?rest_route=\/wp\/v2\/pages"}],"about":[{"href":"https:\/\/nordringschule.de\/index.php?rest_route=\/wp\/v2\/types\/page"}],"author":[{"embeddable":true,"href":"https:\/\/nordringschule.de\/index.php?rest_route=\/wp\/v2\/users\/1"}],"replies":[{"embeddable":true,"href":"https:\/\/nordringschule.de\/index.php?rest_route=%2Fwp%2Fv2%2Fcomments&post=82"}],"version-history":[{"count":4,"href":"https:\/\/nordringschule.de\/index.php?rest_route=\/wp\/v2\/pages\/82\/revisions"}],"predecessor-version":[{"id":5252,"href":"https:\/\/nordringschule.de\/index.php?rest_route=\/wp\/v2\/pages\/82\/revisions\/5252"}],"up":[{"embeddable":true,"href":"https:\/\/nordringschule.de\/index.php?rest_route=\/wp\/v2\/pages\/7"}],"wp:attachment":[{"href":"https:\/\/nordringschule.de\/index.php?rest_route=%2Fwp%2Fv2%2Fmedia&parent=82"}],"curies":[{"name":"wp","href":"https:\/\/api.w.org\/{rel}","templated":true}]}}