{"id":69,"date":"2013-12-03T09:56:02","date_gmt":"2013-12-03T09:56:02","guid":{"rendered":"http:\/\/nordringschule.de\/?page_id=69"},"modified":"2014-12-08T10:55:03","modified_gmt":"2014-12-08T10:55:03","slug":"entwicklungsschwerpunkt-medienkompetenz","status":"publish","type":"page","link":"https:\/\/nordringschule.de\/?page_id=69","title":{"rendered":"Medienkompetenz"},"content":{"rendered":"<p><img loading=\"lazy\" decoding=\"async\" class=\"alignright size-medium wp-image-822\" alt=\"Medienkompetenz\" src=\"http:\/\/nordringschule.de\/wp-content\/uploads\/2013\/12\/Medienkompetenz-197x300.jpg\" width=\"197\" height=\"300\" srcset=\"https:\/\/nordringschule.de\/wp-content\/uploads\/2013\/12\/Medienkompetenz-197x300.jpg 197w, https:\/\/nordringschule.de\/wp-content\/uploads\/2013\/12\/Medienkompetenz.jpg 673w\" sizes=\"auto, (max-width: 197px) 100vw, 197px\" \/>Die Nordringschule bewarb sich im Jahr 2010 zum ersten Mal darum, Schule f\u00fcr Medienkompetenz zu werden. Bei dieser Initiative des Landes Rheinland-Pfalz werden Schulen gef\u00f6rdert, die neue Medien konsequent in den Unterricht einbinden wollen.<\/p>\n<p>Nachdem die Bewerbung 2010 erfolglos verlief, erhielt die Nordrinschule 2011 den Zuschlag im Wettbewerb &#8222;Medienkompetenz macht Schule&#8220;. Nach einer intensiven Schulung des Kollegiums wurden die Klassens\u00e4le nach und nach mit interaktiven Wandtafeln ausgestattet. Auch die Sch\u00fcler nahmen die neuen M\u00f6glichkeiten, die die Whiteboards bieten, gerne an.<\/p>\n<p><img loading=\"lazy\" decoding=\"async\" class=\"size-full wp-image-875 aligncenter\" alt=\"Banner_Medienkompetenz\" src=\"http:\/\/nordringschule.de\/wp-content\/uploads\/2013\/12\/Banner_Medienkompetenz.jpg\" width=\"500\" height=\"175\" srcset=\"https:\/\/nordringschule.de\/wp-content\/uploads\/2013\/12\/Banner_Medienkompetenz.jpg 500w, https:\/\/nordringschule.de\/wp-content\/uploads\/2013\/12\/Banner_Medienkompetenz-300x105.jpg 300w\" sizes=\"auto, (max-width: 500px) 100vw, 500px\" \/><\/p>\n<p>&nbsp;<\/p>\n","protected":false},"excerpt":{"rendered":"<p>Die Nordringschule bewarb sich im Jahr 2010 zum ersten Mal darum, Schule f\u00fcr Medienkompetenz zu werden. Bei dieser Initiative des Landes Rheinland-Pfalz werden Schulen gef\u00f6rdert, die neue Medien konsequent in den Unterricht einbinden wollen. Nachdem die Bewerbung 2010 erfolglos verlief, &hellip; <a href=\"https:\/\/nordringschule.de\/?page_id=69\">Weiterlesen <span class=\"meta-nav\">&rarr;<\/span><\/a><\/p>\n","protected":false},"author":1,"featured_media":0,"parent":71,"menu_order":3,"comment_status":"closed","ping_status":"closed","template":"","meta":{"ngg_post_thumbnail":0,"footnotes":""},"class_list":["post-69","page","type-page","status-publish","hentry"],"_links":{"self":[{"href":"https:\/\/nordringschule.de\/index.php?rest_route=\/wp\/v2\/pages\/69","targetHints":{"allow":["GET"]}}],"collection":[{"href":"https:\/\/nordringschule.de\/index.php?rest_route=\/wp\/v2\/pages"}],"about":[{"href":"https:\/\/nordringschule.de\/index.php?rest_route=\/wp\/v2\/types\/page"}],"author":[{"embeddable":true,"href":"https:\/\/nordringschule.de\/index.php?rest_route=\/wp\/v2\/users\/1"}],"replies":[{"embeddable":true,"href":"https:\/\/nordringschule.de\/index.php?rest_route=%2Fwp%2Fv2%2Fcomments&post=69"}],"version-history":[{"count":5,"href":"https:\/\/nordringschule.de\/index.php?rest_route=\/wp\/v2\/pages\/69\/revisions"}],"predecessor-version":[{"id":877,"href":"https:\/\/nordringschule.de\/index.php?rest_route=\/wp\/v2\/pages\/69\/revisions\/877"}],"up":[{"embeddable":true,"href":"https:\/\/nordringschule.de\/index.php?rest_route=\/wp\/v2\/pages\/71"}],"wp:attachment":[{"href":"https:\/\/nordringschule.de\/index.php?rest_route=%2Fwp%2Fv2%2Fmedia&parent=69"}],"curies":[{"name":"wp","href":"https:\/\/api.w.org\/{rel}","templated":true}]}}