{"id":4814,"date":"2024-03-07T12:26:12","date_gmt":"2024-03-07T11:26:12","guid":{"rendered":"http:\/\/nordringschule.de\/?page_id=4814"},"modified":"2024-03-07T12:27:00","modified_gmt":"2024-03-07T11:27:00","slug":"beratung","status":"publish","type":"page","link":"https:\/\/nordringschule.de\/?page_id=4814","title":{"rendered":"Beratung"},"content":{"rendered":"\n<p>Manchmal wissen Lehrkr\u00e4fte oder Eltern nicht so richtig weiter, wenn Kinder oder Jugendliche umfassende Probleme beim Lernen oder auch im Bereich ihrer emotionalen und sozialen Entwicklung haben.<\/p>\n\n\n\n<p>Dann wird dar\u00fcber nachgedacht, ob m\u00f6glicherweise sonderp\u00e4dagogischer F\u00f6rderbedarf vorliegt.<\/p>\n\n\n\n<p>Wenn gepr\u00fcft werden soll, ob eine Sch\u00fclerin oder ein Sch\u00fcler sonderp\u00e4dagogischen F\u00f6rderbedarf hat, wird ein sonderp\u00e4dagogischer Bericht erstellt.<\/p>\n\n\n\n<p>Nachdem der Bericht erstellt wurde, erhalten die Eltern eine umfassende Beratung.<\/p>\n\n\n\n<p>Immer entscheiden die Eltern, wie es weitergeht:<\/p>\n\n\n\n<ol class=\"wp-block-list\" style=\"list-style-type:lower-alpha\">\n<li>ob ein Kind im Anschluss an den Bericht ohne spezifische F\u00f6rderung in der Regelschule verbleibt,<\/li>\n\n\n\n<li>ob es in eine Grundschule oder weiterf\u00fchrende Schule wechselt, in der inklusive F\u00f6rderung angeboten wird (Schwerpunktschule) oder<\/li>\n\n\n\n<li>ob es in eine F\u00f6rderschule wechselt.<\/li>\n<\/ol>\n\n\n\n<p>Wenn Sie dazu Fragen haben, k\u00f6nnen Sie uns gern unter 06341-83102 anrufen.<\/p>\n","protected":false},"excerpt":{"rendered":"<p>Manchmal wissen Lehrkr\u00e4fte oder Eltern nicht so richtig weiter, wenn Kinder oder Jugendliche umfassende Probleme beim Lernen oder auch im Bereich ihrer emotionalen und sozialen Entwicklung haben. Dann wird dar\u00fcber nachgedacht, ob m\u00f6glicherweise sonderp\u00e4dagogischer F\u00f6rderbedarf vorliegt. Wenn gepr\u00fcft werden soll, &hellip; <a href=\"https:\/\/nordringschule.de\/?page_id=4814\">Weiterlesen <span class=\"meta-nav\">&rarr;<\/span><\/a><\/p>\n","protected":false},"author":1,"featured_media":0,"parent":7,"menu_order":4,"comment_status":"closed","ping_status":"closed","template":"","meta":{"ngg_post_thumbnail":0,"footnotes":""},"class_list":["post-4814","page","type-page","status-publish","hentry"],"_links":{"self":[{"href":"https:\/\/nordringschule.de\/index.php?rest_route=\/wp\/v2\/pages\/4814","targetHints":{"allow":["GET"]}}],"collection":[{"href":"https:\/\/nordringschule.de\/index.php?rest_route=\/wp\/v2\/pages"}],"about":[{"href":"https:\/\/nordringschule.de\/index.php?rest_route=\/wp\/v2\/types\/page"}],"author":[{"embeddable":true,"href":"https:\/\/nordringschule.de\/index.php?rest_route=\/wp\/v2\/users\/1"}],"replies":[{"embeddable":true,"href":"https:\/\/nordringschule.de\/index.php?rest_route=%2Fwp%2Fv2%2Fcomments&post=4814"}],"version-history":[{"count":1,"href":"https:\/\/nordringschule.de\/index.php?rest_route=\/wp\/v2\/pages\/4814\/revisions"}],"predecessor-version":[{"id":4815,"href":"https:\/\/nordringschule.de\/index.php?rest_route=\/wp\/v2\/pages\/4814\/revisions\/4815"}],"up":[{"embeddable":true,"href":"https:\/\/nordringschule.de\/index.php?rest_route=\/wp\/v2\/pages\/7"}],"wp:attachment":[{"href":"https:\/\/nordringschule.de\/index.php?rest_route=%2Fwp%2Fv2%2Fmedia&parent=4814"}],"curies":[{"name":"wp","href":"https:\/\/api.w.org\/{rel}","templated":true}]}}