{"id":15,"date":"2013-11-26T14:25:50","date_gmt":"2013-11-26T14:25:50","guid":{"rendered":"http:\/\/nordringschule.de\/?page_id=15"},"modified":"2024-03-13T08:30:10","modified_gmt":"2024-03-13T07:30:10","slug":"das-schulleben-2","status":"publish","type":"page","link":"https:\/\/nordringschule.de\/?page_id=15","title":{"rendered":"Unser Schulleben"},"content":{"rendered":"<p>Wie man auf unserer Startseite sehen kann zeichnet sich unsere Schule durch ein sehr lebendiges und vielf\u00e4ltiges Schulleben aus.<\/p>\n<p>Im Rahmen unseres Ganztagsangebots finden sehr viele Arbeitsgemeinschaften statt, zwischen denen unsere Sch\u00fcler*innen halbj\u00e4hrlich ausw\u00e4hlen k\u00f6nnen.<\/p>\n<p>Unsere Sportlehrkr\u00e4fte erm\u00f6glichen die Teilnahme an sportlichen Wettbewerben oder organisieren diese auch selbst an unserer Schule.<\/p>\n<p>In unserer Schulbibliothek dreht sich alles um&#8217;s Thema Lesen. Dort erhalten die Sch\u00fcler*innen Anregungen und neben B\u00fcchern auch ein abwechslungsreiches Angebot an Zeitschriften. Jedes Jahr findet ein Vorlesewettbewerb an der Schule statt.<\/p>\n<p>Als &#8222;Schule ohne Rassismus &#8211; Schule mit Courage&#8220; setzen wir uns f\u00fcr Respekt, Toleranz und ein demokratisches Miteinander ein.<\/p>\n<p>Ein weiterer Schwerpunkt unserer Arbeit ist Lernen im Bereich der Nachhaltigkeit. Dazu geh\u00f6ren Aktivit\u00e4ten im Schulgarten, Ausfl\u00fcge in die n\u00e4here Umgebung und ab Mai auch eine Partnerschaft mit einer Partnerschule aus Wissembourg, mit der gemeinsame Naturprojekte gestaltet werden k\u00f6nnen. In diesem Zusammenhang haben wir uns als Biosph\u00e4renschule beworben und hoffen, dass wir in diesem Jahr zertifiziert werden k\u00f6nnen.<\/p>\n","protected":false},"excerpt":{"rendered":"<p>Wie man auf unserer Startseite sehen kann zeichnet sich unsere Schule durch ein sehr lebendiges und vielf\u00e4ltiges Schulleben aus. Im Rahmen unseres Ganztagsangebots finden sehr viele Arbeitsgemeinschaften statt, zwischen denen unsere Sch\u00fcler*innen halbj\u00e4hrlich ausw\u00e4hlen k\u00f6nnen. Unsere Sportlehrkr\u00e4fte erm\u00f6glichen die Teilnahme &hellip; <a href=\"https:\/\/nordringschule.de\/?page_id=15\">Weiterlesen <span class=\"meta-nav\">&rarr;<\/span><\/a><\/p>\n","protected":false},"author":1,"featured_media":0,"parent":0,"menu_order":3,"comment_status":"closed","ping_status":"closed","template":"","meta":{"ngg_post_thumbnail":0,"footnotes":""},"class_list":["post-15","page","type-page","status-publish","hentry"],"_links":{"self":[{"href":"https:\/\/nordringschule.de\/index.php?rest_route=\/wp\/v2\/pages\/15","targetHints":{"allow":["GET"]}}],"collection":[{"href":"https:\/\/nordringschule.de\/index.php?rest_route=\/wp\/v2\/pages"}],"about":[{"href":"https:\/\/nordringschule.de\/index.php?rest_route=\/wp\/v2\/types\/page"}],"author":[{"embeddable":true,"href":"https:\/\/nordringschule.de\/index.php?rest_route=\/wp\/v2\/users\/1"}],"replies":[{"embeddable":true,"href":"https:\/\/nordringschule.de\/index.php?rest_route=%2Fwp%2Fv2%2Fcomments&post=15"}],"version-history":[{"count":3,"href":"https:\/\/nordringschule.de\/index.php?rest_route=\/wp\/v2\/pages\/15\/revisions"}],"predecessor-version":[{"id":4848,"href":"https:\/\/nordringschule.de\/index.php?rest_route=\/wp\/v2\/pages\/15\/revisions\/4848"}],"wp:attachment":[{"href":"https:\/\/nordringschule.de\/index.php?rest_route=%2Fwp%2Fv2%2Fmedia&parent=15"}],"curies":[{"name":"wp","href":"https:\/\/api.w.org\/{rel}","templated":true}]}}